. List the prime factors of y.
3, 157
Let o(h) = -13*h**2 + 5*h + 140. Let n(t) = -5*t**2 + 2*t + 47. Let c(m) = -8*n(m) + 3*o(m). What are the prime factors of c(19)?
2, 193
Suppose 21*m - 4788 = 3*m. Suppose -2*p + 2*r + m = 0, 8 = 4*r - 6*r. List the prime factors of p.
3, 43
Let d(j) = 17*j - 2. Let i(s) = -s**3 + 11*s**2 + 24*s + 26. Let v be i(13). Let m(f) = f**3 - f**2 + f + 7. Let p be m(v). What are the prime factors of d(p)?
3, 13
Suppose 10*s - 267606 = -8*s. Suppose -26*k - 4233 = -s. What are the prime factors of k?
409
Suppose 36 = -4*f + 2*t - 50, -2*f - 38 = -2*t. Let o be (-39)/f + (-5)/((-200)/15). List the prime factors of o*(0 - ((-106)/4 - 0)).
53
Let l be 14/(-77) + (347200/(-44))/(-5). Suppose -4*m + l = -5*p, -2*p + 3*p + 792 = 2*m. What are the prime factors of m?
397
Let m be (-4)/(-3)*(452/8 - -2). Let t = m - 69. Let j(h) = 21*h + 33. List the prime factors of j(t).
2, 3, 37
Let g be ((-2)/4)/((-3)/6) + -224. Let b = g + 556. List the prime factors of b.
3, 37
Let j(z) be the third derivative of 17*z**4/24 + 31*z**3 - 10*z**2 + 2*z. List the prime factors of j(10).
2, 89
Let f = 38 + 102. Let u = 78 + f. What are the prime factors of u?
2, 109
Let f(j) = -j**2 - 23*j - 40. Let r be f(-21). List the prime factors of r/((3 + -2)*1) + 837.
839
Let d(h) = h**3 + 3*h**2 - 6*h - 13. Let g be d(-2). Suppose -3*a + g*c + 285 = 0, 2*a - 194 = 15*c - 11*c. What are the prime factors of a?
3, 31
Let c = -1498 - -4459. Suppose d - c = -6*d. What are the prime factors of d?
3, 47
Let c(n) = -n**3 + 6*n**2 + 10*n + 51. Let w be c(8). Suppose -4*l + 838 = w*b + l, -4*b + 1114 = 5*l. What are the prime factors of b?
2, 3, 23
Let c(f) = -9*f + 29 - 10 + 9 - 9*f + 8*f - 42*f**2 + 3*f**3. List the prime factors of c(15).
7, 79
Let g(u) = -81 + 10 - 169 + 19 - 48*u - 47. What are the prime factors of g(-22)?
2, 197
Let x be (1 - 3)*2*(0 + -1). Let k be ((-48)/(-14))/((-8)/(-56)). Suppose x*v - 92 = -k. List the prime factors of v.
17
Let x(z) = 1087*z**2 - 94*z + 458. What are the prime factors of x(4)?
2, 8737
Suppose 39 = 7*u - 171. Suppose -23*m = -u*m + 7896. Suppose 6*v + m = 12*v. What are the prime factors of v?
2, 47
Let x = 3493 + -1608. Suppose 0 = -5*q + q + 8, 0 = -5*z - 5*q + x. Suppose -s = -4*s + z. List the prime factors of s.
5
Let b(z) = 983*z**2 - 121*z + 963. What are the prime factors of b(6)?
3, 5, 19
Let q(p) = 4*p**3 - 38*p**2 + 25*p + 49. What are the prime factors of q(15)?
2, 2687
Let m(w) = -121 - w**3 + 14*w**3 + 31*w**2 - 5*w - 12*w**3 - 2*w**3. What are the prime factors of m(30)?
17, 37
Let l = -18743 - -28633. List the prime factors of l.
2, 5, 23, 43
Suppose -32*w + 681388 - 429491 = -797351. List the prime factors of w.
32789
List the prime factors of (-6176)/(-18) + 5 + 18/(-162).
2, 3, 29
Let y(a) = a**3 + a**2 - a - 77. Let i be y(0). Let h = i + 110. Let n = -23 + h. What are the prime factors of n?
2, 5
Let u(m) = 32*m**3 - 2*m**2 - 4*m - 2. Let h be 2/12 - (-3 + 30/(-36)). Suppose 6 = h*r - 2. What are the prime factors of u(r)?
2, 7, 17
Let b be (1656/28)/(-3) - (-4)/(-14). Let d be b/(-5) - 90/(-1). Suppose -j + d = 31. List the prime factors of j.
3, 7
Let w = -1057 + 1059. Suppose -w*d + 891 + 1757 = 0. What are the prime factors of d?
2, 331
Suppose 15*f - 2*f = 2*f. Suppose f = -w + 2. List the prime factors of 118/(-3 + 7 - w).
59
Let f be (-2 + 5)*-14 - 3. Let u be (f/(-20))/(3/20). Suppose -2*v - b = -199, -119 = -v + b - u. What are the prime factors of v?
101
Let m(r) = -r**3 - 5*r**2 + 6*r + 2. Let i be m(-6). Let o be 0 + 1 + 29 + i. Suppose 2*g = 4*g + 3*y - o, -5*y = 20. What are the prime factors of g?
2, 11
Let t(i) = -i**2 - 7*i + 9. Let s be t(-15). Let g = 266 + s. Let w = -82 + g. What are the prime factors of w?
73
Let m(n) = 15*n**2 + 13*n - 42. Let d be m(-18). Suppose -9*x = -x - d. List the prime factors of x.
3, 191
Let p(n) be the second derivative of 103*n**4/12 - n**3/6 - 3*n. Suppose -14*t = 12*t + 26. List the prime factors of p(t).
2, 13
Let c be (-2)/4*(3 - 3). Suppose c = 4*n - 21 - 11. Suppose 212 = -n*g + 548. What are the prime factors of g?
2, 3, 7
Let n(a) = 87*a**2 + 19*a + 270. What are the prime factors of n(21)?
2, 3, 3253
Let x(i) = -1126*i + 695. List the prime factors of x(-7).
3, 953
Suppose -7*d - a = -4*d - 35, 2*d = -a + 25. Suppose -612 = -3*k - y, d*y - 11*y = -5*k + 1020. List the prime factors of k.
2, 3, 17
Suppose -17*f + 13*f + 4*u - 384 = 0, -3*f + u - 294 = 0. Let o = f + 188. List the prime factors of o.
89
Suppose 2*u - 2*c = -3*u - 428, -3*c + 169 = -2*u. Let j = u - -98. What are the prime factors of 2613/j - ((-17)/4 - -4)?
2, 109
Suppose -4*m + 310 = -4562. Let w = m + 95. What are the prime factors of w?
13, 101
Let v = -65 - -38. Let p be v/(9/(-6)*1). Suppose -p = -b + 6. List the prime factors of b.
2, 3
Suppose 0 = -3*p + 1433 + 994. Let u = p - 549. List the prime factors of u.
2, 5, 13
Let h(n) = 2*n**2 - 12*n + 2. Let b be h(11). Let s = b - 107. Suppose -6*z - s*p + 1215 = -z, 0 = 5*p - 20. What are the prime factors of z?
239
Let h be (-2)/(-6) + (-664)/3. Let u = -529 + 438. Let z = u - h. What are the prime factors of z?
2, 5, 13
What are the prime factors of (-462006)/(-16) - 1050/2800?
3, 5, 7, 11
List the prime factors of 2/(-5) - (181482/(-30) - -1).
2, 3, 7
Let s = -1024 - -22653. List the prime factors of s.
43, 503
Let q be (45/30)/(1/(-2)) - -181. Suppose -w = z - 45 - q, -2*w - z = -444. What are the prime factors of w?
13, 17
Let i(a) = 269*a + 2702. What are the prime factors of i(143)?
3, 13723
Suppose 0 = 372*q - 413*q + 496879. List the prime factors of q.
12119
Suppose 2*i = p + 12, 5*i - 1 = p + 35. Suppose -2*n + 716 = -3*b, -7*n + i*n - 2*b = 359. What are the prime factors of n?
5, 71
What are the prime factors of (-20)/120 - ((-20)/70 - 260185/42)?
3, 5, 7, 59
Let s = -87 + 101. What are the prime factors of ((-424)/s)/(-3 - (-57)/21)?
2, 53
Suppose 15*w = 5*w + 80. Suppose -15*z = -w*z - 1456. List the prime factors of z.
2, 13
Suppose -17*q + 37471 = q - 16529. What are the prime factors of q?
2, 3, 5
Suppose 42213 = 18*b - 104559. What are the prime factors of b?
2, 3, 151
Suppose 5*a - 129590 = -y, -4*a = -6*y - 38343 - 65329. List the prime factors of a.
2, 12959
Suppose 79*s = 78*s - 2. Let k(g) = 285*g**2 - 5*g + 3. What are the prime factors of k(s)?
1153
Let v = -486 + 711. What are the prime factors of 9251/7 + v/35 + -7?
1321
Let w(z) = -15 + 42 - 9 - 1 + 75*z**2 + 8*z. List the prime factors of w(-4).
3, 5, 79
Suppose 3*p - 31568 = -2*l, 3*p = 4*l + 14994 + 16550. List the prime factors of p.
2, 5, 263
Suppose 417*y + 3584 = 413*y. Let o = y - -1583. List the prime factors of o.
3, 229
Let m = -54 + 45. Let i(v) = v**3 + 14*v**2 - 5*v - 5. Let r be i(m). What are the prime factors of r/10 - 2/(-4)?
3, 5
Suppose 123*l + 0*l - 2735520 = 0. What are the prime factors of l?
2, 5, 139
Let i = 2073 - -3654. List the prime factors of i.
3, 23, 83
Suppose 5*x - 3 = -4*f + 17, 5*x = -5*f + 25. Suppose x = -d - 2, -2*j - 15 = -3*j - 4*d. What are the prime factors of j?
23
Suppose 48*b = 2*c + 49*b - 26369, 0 = -5*c - 2*b + 65924. What are the prime factors of c?
2, 19, 347
Let y = 19 + -16. Suppose -25 = 5*s, s = 5*q + y*s - 635. Suppose 4*l = -z + q, 3*l - l = 10. What are the prime factors of z?
109
Let q(w) = -25*w + 166. Let l be q(7). Let d = l + 1142. List the prime factors of d.
11, 103
Suppose 12 = -3*w - 0*w, 0 = 5*a + 4*w + 36. Let r be 205/((-1)/(3 + a)). Suppose 0 = 2*y + 3*y - r. List the prime factors of y.
41
Suppose -90611 = -0*m - 3*m + 103501. List the prime factors of m.
2, 3, 337
Suppose -4*v = r - 26, 3*r - 9*v = -7*v + 50. Suppose r*y = 246 - 48. What are the prime factors of y?
11
Let d = -304 - -350. Let t = 559 - d. List the prime factors of t.
3, 19
Let i = 11543 - -3592. List the prime factors of i.
3, 5, 1009
Let i(a) = 1247*a**2 + 75*a + 14. What are the prime factors of i(5)?
2, 13, 607
Let q(t) = -2047*t + 3582. List the prime factors of q(-29).
5, 12589
Suppose -3*a = -0*a - 4*d - 19, 5*a - 4*d - 21 = 0. Let t = 6 - a. Suppose -5*y + 2*j = -0*y - 644, -2*y - t*j + 275 = 0. What are the prime factors of y?
2, 5, 13
Suppose 44*t - 40419 = -335. Suppose -h + 4*g